te the greatest common factor of 30 and 1830.
30
Calculate the highest common factor of 407 and 198.
11
Calculate the greatest common divisor of 333 and 74.
37
Calculate the greatest common divisor of 3174 and 276.
138
What is the highest common factor of 19 and 817?
19
Calculate the greatest common divisor of 248 and 403.
31
What is the highest common factor of 782 and 289?
17
Calculate the highest common divisor of 108 and 3159.
27
Calculate the highest common divisor of 42 and 61026.
42
What is the greatest common divisor of 782 and 92?
46
Calculate the greatest common factor of 324 and 2754.
162
What is the highest common factor of 70 and 392?
14
Calculate the greatest common factor of 495 and 10.
5
Calculate the greatest common divisor of 1764 and 7812.
252
Calculate the highest common divisor of 71 and 1633.
71
What is the greatest common factor of 495 and 18?
9
Calculate the highest common divisor of 294 and 12.
6
Calculate the greatest common divisor of 7788 and 1056.
132
Calculate the highest common divisor of 158 and 79.
79
What is the greatest common factor of 130 and 5408?
26
Calculate the greatest common divisor of 26 and 2938.
26
Calculate the greatest common divisor of 116 and 116.
116
Calculate the greatest common factor of 224 and 2128.
112
What is the highest common factor of 221 and 13?
13
Calculate the greatest common divisor of 5 and 5455.
5
What is the highest common divisor of 53 and 2279?
53
Calculate the highest common divisor of 561 and 153.
51
Calculate the highest common divisor of 112 and 1162.
14
What is the greatest common factor of 1152 and 432?
144
Calculate the highest common divisor of 923 and 71.
71
What is the highest common factor of 18 and 49527?
9
What is the greatest common factor of 2108 and 2356?
124
What is the greatest common divisor of 238 and 136?
34
Calculate the greatest common factor of 15 and 30.
15
What is the greatest common divisor of 5712 and 1360?
272
Calculate the highest common divisor of 217 and 7.
7
Calculate the greatest common divisor of 567 and 81.
81
Calculate the highest common divisor of 201 and 3.
3
What is the greatest common divisor of 3 and 939?
3
What is the greatest common divisor of 788 and 985?
197
What is the greatest common divisor of 13642 and 152?
38
What is the highest common divisor of 21 and 1967?
7
Calculate the greatest common factor of 5490 and 180.
90
What is the highest common divisor of 6110 and 39?
13
What is the highest common factor of 11211 and 101?
101
What is the highest common divisor of 7747 and 381?
127
Calculate the highest common divisor of 673 and 1.
1
What is the greatest common factor of 2506 and 14?
14
Calculate the highest common factor of 39759 and 87.
87
What is the highest common divisor of 1062 and 306?
18
Calculate the highest common factor of 2106 and 78.
78
Calculate the greatest common divisor of 1024 and 8.
8
What is the highest common divisor of 559 and 172?
43
What is the greatest common factor of 2736 and 95?
19
Calculate the greatest common factor of 137 and 1507.
137
Calculate the greatest common divisor of 90 and 81.
9
What is the highest common factor of 156 and 84?
12
Calculate the highest common factor of 4746 and 113.
113
Calculate the greatest common factor of 28883 and 17.
17
Calculate the greatest common divisor of 2506 and 42.
14
What is the highest common factor of 6 and 33438?
6
What is the greatest common divisor of 6878 and 38?
38
Calculate the greatest common factor of 8 and 536.
8
What is the greatest common divisor of 15 and 15?
15
What is the greatest common divisor of 10 and 4990?
10
Calculate the greatest common divisor of 28 and 1064.
28
Calculate the greatest common factor of 295 and 10.
5
Calculate the highest common factor of 104 and 845.
13
What is the greatest common factor of 29784 and 102?
102
What is the highest common divisor of 455 and 35?
35
What is the highest common divisor of 85 and 1105?
85
Calculate the highest common factor of 9 and 783.
9
What is the highest common factor of 5624 and 608?
152
Calculate the greatest common divisor of 40 and 150.
10
Calculate the highest common divisor of 5268 and 48.
12
What is the greatest common divisor of 280 and 742?
14
What is the greatest common factor of 3555 and 405?
45
What is the greatest common factor of 819 and 126?
63
What is the highest common factor of 132424 and 8?
8
Calculate the greatest common factor of 145 and 27840.
145
Calculate the greatest common divisor of 605 and 5.
5
What is the greatest common factor of 498 and 42?
6
Calculate the highest common factor of 99 and 90.
9
Calculate the highest common factor of 1616 and 16.
16
What is the highest common divisor of 17212 and 52?
52
What is the highest common divisor of 21 and 12?
3
What is the highest common factor of 129 and 86?
43
What is the greatest common divisor of 336 and 231?
21
Calculate the greatest common divisor of 75 and 400.
25
Calculate the highest common divisor of 119 and 85.
17
What is the greatest common divisor of 190 and 10?
10
What is the greatest common factor of 40 and 6920?
40
What is the greatest common divisor of 336 and 189?
21
Calculate the greatest common factor of 27 and 729.
27
Calculate the greatest common factor of 6 and 498.
6
What is the greatest common factor of 716 and 4?
4
Calculate the highest common divisor of 6288 and 144.
48
Calculate the greatest common divisor of 3488 and 64.
32
Calculate the greatest common factor of 11 and 209.
11
What is the highest common divisor of 13 and 14?
1
Calculate the greatest common divisor of 946 and 220.
22
Calculate the highest common divisor of 288 and 3936.
96
Calculate the highest common factor of 13 and 2.
1
Calculate the highest common factor of 96 and 72.
24
Calculate the highest common divisor of 210 and 798.
42
Calculate the highest common divisor of 43056 and 104.
104
Calculate the highest common factor of 352 and 24.
8
Calculate the highest common divisor of 200 and 1040.
40
Calculate the greatest common factor of 88 and 682.
22
What is the greatest common factor of 5040 and 36?
36
Calculate the highest common factor of 18 and 78.
6
What is the highest common factor of 51 and 357?
51
Calculate the highest common factor of 1565 and 8.
1
Calculate the highest common factor of 198 and 3234.
66
What is the greatest common divisor of 1462 and 34?
34
What is the greatest common divisor of 83 and 913?
83
Calculate the greatest common divisor of 373 and 1.
1
Calculate the greatest common divisor of 816 and 68.
68
What is the greatest common divisor of 26 and 910?
26
What is the greatest common divisor of 820 and 60?
20
Calculate the highest common factor of 75 and 1275.
75
What is the highest common factor of 1396 and 349?
349
Calculate the greatest common divisor of 88 and 56.
8
What is the highest common factor of 46 and 667?
23
What is the greatest common factor of 231 and 7931?
77
What is the highest common factor of 34064 and 16?
16
What is the greatest common factor of 837 and 31?
31
What is the greatest common factor of 1813 and 1960?
49
What is the highest common divisor of 500 and 20?
20
Calculate the greatest common factor of 15 and 7845.
15
What is the highest common divisor of 13348 and 47?
47
Calculate the greatest common divisor of 1159 and 19.
19
What is the greatest common divisor of 8085 and 660?
165
Calculate the highest common divisor of 308 and 140.
28
Calculate the highest common divisor of 777 and 147.
21
What is the greatest common divisor of 1207 and 17?
17
What is the highest common factor of 66 and 165?
33
Calculate the greatest common factor of 78 and 186.
6
Calculate the highest common divisor of 18309 and 51.
51
What is the highest common divisor of 889 and 105?
7
Calculate the highest common factor of 250 and 16750.
250
Calculate the highest common factor of 4014 and 12.
6
What is the highest common factor of 10 and 382?
2
What is the highest common divisor of 27 and 225?
9
Calculate the highest common factor of 1450 and 600.
50
What is the highest common divisor of 29 and 71?
1
Calculate the greatest common divisor of 49 and 7.
7
What is the greatest common divisor of 1245 and 135?
15
What is the highest common divisor of 40 and 1448?
8
Calculate the highest common factor o